1
What is the tens digit of 641550?
5
What is the millions digit of 12361540?
2
What is the billions digit of 1829686703?
1
What is the hundred thousands digit of 2816216188?
2
What is the units digit of 47438816?
6
What is the hundred thousands digit of 36433499?
4
What is the tens digit of 339701147?
4
What is the hundred thousands digit of 70958757?
9
What is the hundreds digit of 3477867?
8
What is the ten millions digit of 1544050091?
4
What is the hundred thousands digit of 464931687?
9
What is the hundred thousands digit of 122091674?
0
What is the ten thousands digit of 152362508?
6
What is the thousands digit of 579713891?
3
What is the ten thousands digit of 477133439?
3
What is the millions digit of 1262677402?
2
What is the thousands digit of 4704050891?
0
What is the hundreds digit of 371029349?
3
What is the tens digit of 48753292?
9
What is the hundreds digit of 850630067?
0
What is the ten thousands digit of 59764255?
6
What is the hundreds digit of 651385623?
6
What is the units digit of 2954605059?
9
What is the hundred millions digit of 1837635091?
8
What is the tens digit of 1283369785?
8
What is the hundred thousands digit of 29935555?
9
What is the ten millions digit of 116878881?
1
What is the millions digit of 128841225?
8
What is the thousands digit of 261603778?
3
What is the ten thousands digit of 233846952?
4
What is the tens digit of 58846189?
8
What is the tens digit of 1056186502?
0
What is the hundred millions digit of 213691379?
2
What is the hundreds digit of 110545254?
2
What is the thousands digit of 134026597?
6
What is the thousands digit of 655134955?
4
What is the hundreds digit of 392691054?
0
What is the units digit of 1537927516?
6
What is the ten millions digit of 256590966?
5
What is the hundred thousands digit of 62008359?
0
What is the ten millions digit of 77704000?
7
What is the tens digit of 81634979?
7
What is the hundreds digit of 143580243?
2
What is the ten thousands digit of 240459877?
5
What is the units digit of 7730352819?
9
What is the hundred thousands digit of 125763389?
7
What is the hundred millions digit of 1010751835?
0
What is the hundreds digit of 1836956732?
7
What is the hundred millions digit of 1074855002?
0
What is the hundreds digit of 370031345?
3
What is the units digit of 195835085?
5
What is the millions digit of 83157048?
3
What is the hundred thousands digit of 286112391?
1
What is the tens digit of 4470735?
3
What is the hundred millions digit of 337108795?
3
What is the billions digit of 1029214461?
1
What is the tens digit of 1654358881?
8
What is the ten millions digit of 186396835?
8
What is the thousands digit of 669559770?
9
What is the millions digit of 2915197146?
5
What is the units digit of 111042305?
5
What is the thousands digit of 1386424953?
4
What is the tens digit of 6614748734?
3
What is the ten millions digit of 142485039?
4
What is the thousands digit of 7202986?
2
What is the hundred thousands digit of 15925199?
9
What is the thousands digit of 274060006?
0
What is the hundred millions digit of 330874046?
3
What is the millions digit of 9382810?
9
What is the tens digit of 7669382510?
1
What is the hundreds digit of 67667456?
4
What is the tens digit of 13350874?
7
What is the hundreds digit of 107144504?
5
What is the millions digit of 383797410?
3
What is the hundreds digit of 1794647756?
7
What is the hundred thousands digit of 16578184?
5
What is the millions digit of 344574037?
4
What is the ten thousands digit of 42231765?
3
What is the thousands digit of 73218641?
8
What is the thousands digit of 536866999?
6
What is the hundreds digit of 1082142679?
6
What is the thousands digit of 589202993?
2
What is the tens digit of 361757895?
9
What is the millions digit of 1386909142?
6
What is the tens digit of 1563556200?
0
What is the hundred millions digit of 1354394361?
3
What is the tens digit of 107326524?
2
What is the tens digit of 410053983?
8
What is the thousands digit of 30780882?
0
What is the billions digit of 1666987095?
1
What is the ten millions digit of 1034054701?
3
What is the hundreds digit of 7511653?
6
What is the hundred millions digit of 935604306?
9
What is the ten millions digit of 10077104?
1
What is the hundreds digit of 14427301?
3
What is the millions digit of 3686214444?
6
What is the hundred millions digit of 374871318?
3
What is the units digit of 604842904?
4
What is the hundreds digit of 1767083317?
3
What is the thousands digit of 11473228?
3
What is the hundreds digit of 2020732977?
9
What is the hundred millions digit of 893012206?
8
What is the ten millions digit of 12905708?
1
What is the hundreds digit of 836502789?
7
What is the thousands digit of 36791711?
1
What is the ten thousands digit of 45165048?
6
What is the hundred thousands digit of 25161297?
1
What is the hundreds digit of 39401835?
8
What is the units digit of 31978924?
4
What is the thousands digit of 32699721?
9
What is the hundred thousands digit of 1341534737?
5
What is the hundred millions digit of 186361365?
1
What is the hundreds digit of 3329344?
3
What is the hundred millions digit of 162297975?
1
What is the thousands digit of 96818571?
8
What is the tens digit of 9854780?
8
What is the units digit of 4654393882?
2
What is the hundred thousands digit of 758512313?
5
What is the hundreds digit of 30795330?
3
What is the tens digit of 2853523507?
0
What is the ten thousands digit of 668959259?
5
What is the hundred thousands digit of 17210035?
2
What is the hundred thousands digit of 32016379?
0
What is the hundreds digit of 863114570?
5
What is the ten millions digit of 2090500964?
9
What is the units digit of 36671556?
6
What is the units digit of 342993167?
7
What is the billions digit of 2121010266?
2
What is the hundred millions digit of 862756907?
8
What is the millions digit of 401826418?
1
What is the units digit of 457651918?
8
What is the millions digit of 28582950?
8
What is the ten millions digit of 236669297?
3
What is the tens digit of 39757504?
0
What is the hundred millions digit of 2730633202?
7
What is the hundred thousands digit of 237334785?
3
What is the hundred thousands digit of 332135115?
1
What is the ten thousands digit of 187742842?
4
What is the millions digit of 176292384?
6
What is the ten thousands digit of 321166285?
6
What is the thousands digit of 842472974?
2
What is the thousands digit of 14077462?
7
What is the tens digit of 31226853?
5
What is the tens digit of 236748037?
3
What is the units digit of 1329516510?
0
What is the hundred thousands digit of 3335848171?
8
What is the units digit of 2559522658?
8
What is the thousands digit of 1707611401?
1
What is the hundred thousands digit of 53598223?
5
What is the thousands digit of 86184678?
4
What is the ten millions digit of 18636929?
1
What is the ten thousands digit of 1402267059?
6
What is the millions digit of 64448888?
4
What is the thousands digit of 4154983046?
3
What is the millions digit of 3660745?
3
What is the ten millions digit of 1215892672?
1
What is the hundreds digit of 813023857?
8
What is the tens digit of 16609583?
8
What is the millions digit of 26172983?
6
What is the millions digit of 477482514?
7
What is the hundreds digit of 111032227?
2
What is the units digit of 6342489?
9
What is the thousands digit of 87279105?
9
What is the millions digit of 27057842?
7
What is the ten millions digit of 1495955858?
9
What is the hundreds digit of 599425429?
4
What is the billions digit of 3307154358?
3
What is the ten thousands digit of 369364222?
6
What is the units digit of 2605901646?
6
What is the units digit of 1500258018?
8
What is the hundreds digit of 2626490334?
3
What is the tens digit of 590461004?
0
What is the tens digit of 124834288?
8
What is the hundreds digit of 679849542?
5
What is the ten millions digit of 13808743?
1
What is the thousands digit of 14644142?
4
What is the units digit of 330081902?
2
What is the thousands digit of 4083569057?
9
What is the tens digit of 81782284?
8
What is the hundreds digit of 1410803242?
2
What is the tens digit of 590116345?
4
What is the millions digit of 110953178?
0
What is the hundred thousands digit of 18797086?
7
What is the tens digit of 116315954?
5
What is the hundr